t g(y) = 23*y**2 + 5*y + 5. What are the prime factors of g(u)?
3, 29
Let i be ((-800)/30)/((-1)/3). Let u = -67 + i. List the prime factors of u.
13
Let u = 3024 - 921. What are the prime factors of u?
3, 701
Let k(o) = 19 + 11*o + 2*o**2 - 6 - 3*o**2 - o. Let c be k(11). Suppose -m - 3*i + 19 = 0, -2*m + 116 = 2*m + c*i. List the prime factors of m.
31
Suppose 2*x - 1 = 29. What are the prime factors of 146*9/(-4)*(-10)/x?
3, 73
Let w(s) be the second derivative of 3*s**3/2 - 39*s**2/2 - 19*s. What are the prime factors of w(16)?
3, 5, 7
List the prime factors of ((-50)/(-5))/((-1)/(-28)) - 5.
5, 11
Suppose -6*p - 2179 = -8503. What are the prime factors of p?
2, 17, 31
Suppose 4*v + 5*o = 194, 2*v - 4*o = 5*v - 146. Suppose 0 = 3*m - v - 38. List the prime factors of m.
2, 7
Let m(x) = 4*x - 16. Let d be m(5). Suppose 0 = 2*v + 2*f + 80 - 346, -d*v = -4*f - 572. What are the prime factors of v?
2, 3, 23
Let b(s) = -9*s - 51. List the prime factors of b(-29).
2, 3, 5, 7
Let a = 739 - -678. What are the prime factors of a?
13, 109
Suppose 3*w - 7*w - 2*h - 36 = 0, 28 = -4*w + 2*h. List the prime factors of 280/(-15)*60/w.
2, 5, 7
Suppose 3*v - 8*v + 25 = -5*f, -4*f = v + 15. What are the prime factors of 115 - ((f - -4) + -1)?
2, 29
List the prime factors of 1132 - (7 - (4 - 5)).
2, 281
Suppose 3*y - 27 = -2*y - 4*c, -3*y - 2*c = -15. Let k be 2 + 9/(y + -6). What are the prime factors of (k + (-15)/(-6))*4?
2, 3
Let g(n) be the second derivative of -4*n**3 + n**2 + 20*n. Suppose -3*i + 6*i + 6 = 0. List the prime factors of g(i).
2, 5
Suppose 6 = i - 8. Let w = -6 + i. List the prime factors of w.
2
Suppose -n + 3 = -1. Let g(s) = -12*s - n + s - 8 + s. What are the prime factors of g(-5)?
2, 19
Let p(t) = -t**2 + 14*t + 4. Let x be p(14). Suppose x*a + 37 = -23. Let z = a + 47. List the prime factors of z.
2
Let n = -480 - -2318. What are the prime factors of n?
2, 919
Suppose 0*j - j = -192. Suppose 15*f - 37 = 23. Suppose 4*a + j = 3*w, f*w = -a + 2*a + 269. List the prime factors of w.
2, 17
Suppose -5*c = -241 + 91. Suppose -33 = 3*z + c. Let h = 4 - z. List the prime factors of h.
5
Suppose n = -3 + 8. Suppose 4*b + 369 = -3*s + 17, -n*b = 2*s + 447. What are the prime factors of b/14*(1 + -5)?
2, 13
Let c = 50 + -45. Suppose 6*u - 455 = u - 5*h, -h - 425 = -c*u. What are the prime factors of u?
2, 43
Suppose -3*z - 1069 = 2*s - 2862, -z = 5*s - 4515. List the prime factors of s.
2, 113
Let x = 95 + -139. List the prime factors of 1/(-2)*x + -2.
2, 5
Suppose 270*v = 267*v + 3033. List the prime factors of v.
3, 337
List the prime factors of 4 + 6/15*(1 - -3034).
2, 3, 7, 29
Let f = -1653 + 2466. List the prime factors of f.
3, 271
Suppose 5*m + 4*f = 5*f + 997, 0 = -f + 3. What are the prime factors of (-1)/(-8) - (-23575)/m?
2, 59
Suppose -7834 = -4*z + 102. What are the prime factors of z?
2, 31
Let y(n) = -n + 6. Let r(a) = -a**2 + a. Let l be r(0). Suppose -2*v = -l*v. List the prime factors of y(v).
2, 3
Let n(m) = -3*m + 668. Let x be n(0). Suppose -x = -y - 3*y. What are the prime factors of y?
167
Let i(v) be the second derivative of 7*v**4/2 - v**3/3 + v**2 + 4*v. List the prime factors of i(1).
2, 3, 7
Let t(o) = 10*o**2 + 2*o + 1. Let a be t(-1). Suppose 0 = -a*i + 324 + 216. What are the prime factors of i?
2, 3, 5
Suppose 0 = -7*n + 11*n - 536. List the prime factors of n.
2, 67
List the prime factors of (55/(-5) - -9)*-499.
2, 499
Let s(u) = -u + 49. List the prime factors of s(-14).
3, 7
Let j(s) = -2*s**3 + 18*s**2 + 5*s + 18. Let z(q) = q**3 - 6*q**2 - 2*q - 6. Let n(t) = 4*j(t) + 11*z(t). List the prime factors of n(3).
3, 5
Suppose 0 = 5*t + 2*v - 1783, -343 = -5*t + 4*t + 3*v. List the prime factors of 9/(-27) - t/(-3).
2, 59
Suppose -2*p + 2*f + 986 = 0, 3*p - 2*p + 3*f - 489 = 0. List the prime factors of p.
2, 3, 41
Suppose 878 = 3*u - 685. What are the prime factors of u?
521
Let a(v) = v**2 + v - 97. List the prime factors of a(17).
11, 19
Let y be (-12500)/(-70) + (-3)/(-7). Suppose j - y + 57 = 0. What are the prime factors of j?
2, 61
Let i(u) = u**2 - 7*u + 9. Let v = 10 + -4. Let g be i(v). Suppose y - 66 = -2*c, 3*c - 100 = 2*y - g*y. What are the prime factors of c?
2, 17
Let w = 721 + -347. List the prime factors of w.
2, 11, 17
Let w(r) = 409*r**2 - 2*r + 4. Let h be w(1). Suppose -h - 1249 = -10*v. List the prime factors of v.
2, 83
What are the prime factors of (-2)/(-2)*(234 - 50)?
2, 23
Suppose 0 = -3*u + 8*u - 50. What are the prime factors of 1322/u + 32/40?
7, 19
Let r = 137 - -814. List the prime factors of r.
3, 317
Suppose -3*j + 3*m + 10 = -4*j, 3*j + m - 10 = 0. Suppose 0 = 4*o + j - 45. Suppose u = 3*b - 1 + o, -4*b = -3*u + 42. What are the prime factors of u?
2, 3
Suppose 0 = 4*r + 5*f + 4, -3*f = -3*r - 38 + 8. Let n be 9/r*(-8)/3. What are the prime factors of -3*(-1)/n*4?
3
Let j be 4 - (1 - -2) - -3. Suppose -310 = p + j*t, 317 = -0*p - p + 3*t. List the prime factors of p/(-12) + (-6)/36.
2, 13
Suppose 5*g - 4075 = -3*k, 3*k - 5*g - 4082 = -3*g. What are the prime factors of k?
2, 5, 17
Suppose 2*i = 0, -4*h - 3*i = -5*i - 26208. List the prime factors of h/30 + (-12)/(-20).
3, 73
Let a(y) = 2*y**2 + 12*y + 172. List the prime factors of a(-14).
2, 3, 11
Suppose 6*r - 6 = 4*r. Suppose 0*i - 5*i + 15 = 0, -r*h = -2*i - 111. List the prime factors of h.
3, 13
Let k(d) = d**2 - 8*d + 4. Let l be k(8). Suppose m + l*m = 365. What are the prime factors of m?
73
Let g = -81 + 74. Let w = 97 - g. What are the prime factors of w?
2, 13
Let l(u) = -u**2 + 9*u - 15. Let d be l(6). Suppose d*q - 33 = -0*q. Let b(x) = x**2 - 9*x + 6. List the prime factors of b(q).
2, 7
Suppose 0*o = 3*o + 2*g - 30, -30 = -3*o - 3*g. Let h(r) = r**2 - 11*r + 14. List the prime factors of h(o).
2
Suppose -3*o - 5*f + 62 = 0, -f - 15 = 2*o - 47. Let i(n) = 17*n - 18. Let q be i(o). Suppose -b - 4*b = -q. List the prime factors of b.
2, 11
Suppose 57*c = 83*c - 16952. What are the prime factors of c?
2, 163
Let m(f) = 23*f**2 + 1. Let w be -4*(-4)/((-16)/2). Let n be m(w). Suppose 4*s - 59 = n. List the prime factors of s.
2, 19
Suppose -5*c + 410 + 10 = 0. Let s = c - 34. What are the prime factors of s?
2, 5
Let u be (-1)/2*-4 + 0. Suppose -3*h = -o + 1, -3*o + h + 2*h = -3. Suppose 3*s - u*s = -o, 5*k - s - 231 = 0. What are the prime factors of k?
2, 23
Suppose -5 = -3*k + 2*k + w, 3*w = -9. Let x be k/(-4) + (-41)/(-2). List the prime factors of ((-304)/x)/((-4)/10).
2, 19
Let y(w) = 19*w - 6. Let v be y(4). Let p = v - 156. Let x = -38 - p. What are the prime factors of x?
2, 3
Let h be 57/21 - (-10)/35. Suppose h*o = 3*r + 105, 2*o - 5*r - 34 = 48. Suppose -g - 4*l = -0*g - 6, l + o = g. List the prime factors of g.
2, 13
What are the prime factors of (-956*1/(-12))/((-1)/(-3))?
239
Suppose 27*z = 29*z - 8. Suppose z*v - 255 = -87. List the prime factors of v.
2, 3, 7
List the prime factors of 0 - (-1450 - -1) - (-2 - -4).
1447
Let a = -1098 + 3690. List the prime factors of a.
2, 3
Let q = 893 - 131. List the prime factors of q.
2, 3, 127
Let b = -1 - -100. Let v = -52 + b. List the prime factors of v.
47
Let o(w) = -10*w - 8. Let r(q) be the first derivative of -q**3/3 + 39*q**2/2 + 32*q - 1. Let j(i) = -9*o(i) - 2*r(i). What are the prime factors of j(-8)?
2, 5
Suppose -3*t = 5*c - 10, 2*t + 8*c - 6*c = 4. Suppose -910 = -4*j - 3*u - 266, -3*j + 5*u + 512 = t. What are the prime factors of j?
2, 41
Suppose 5*q = a + 17, -3*q = -0*q + 2*a - 5. Suppose -q*s - 2*n = -4*n - 508, n = 2*s - 339. Let x = s - 100. What are the prime factors of x?
2, 5, 7
Let x(f) = -350*f - 5. What are the prime factors of x(-2)?
5, 139
Let y be -6 + (-77)/(-14) - 443/(-2). Suppose -37 - y = -2*r - 4*b, 0 = -3*r + 2*b + 395. What are the prime factors of r?
131
Let u(o) = -2*o - 7. Let h = -10 - -16. Suppose 2*y - h = -22. List the prime factors of u(y).
3
Let c = 25 - 20. Suppose 2*z + 2*d = 144, -d - 360 = -c*z + 3*d. List the prime factors of z.
2, 3
List the prime factors of (((-84)/(-18))/(-7))/((-1)/543).
2, 181
Suppose -2*k + 234 = 1364. Let n be k/(-30) - 1/(-6). Let j = 43 - n. What are the prime factors of j?
2, 3
Let r be 0 + 263 + 45/(-15). Suppose u + 68 = 2*u + 4*h, r = 4*u + 4*h. What are the prime factors of